 of c and 222?
6
Suppose 7*y - 2*y - 100 = 0. Suppose 0 = 6*s - 2*s - y. Suppose -3*c + 5*p - 64 = -s*c, 5*c - 98 = 3*p. Calculate the greatest common factor of 154 and c.
22
Suppose 43*a + 3*a = 28566. Calculate the highest common divisor of a and 27.
27
Let n be 0 + 1 + (38 - 0). Let g be 37 - (1 + 1 + -2). Let j = 50 - g. What is the greatest common factor of j and n?
13
Let g(t) = 4*t**2 - 9*t - 16. Let x(s) = 23*s**2 - 53*s - 95. Let u(v) = -34*g(v) + 6*x(v). Let j be u(-7). What is the highest common factor of 52 and j?
52
Let f(q) = -q**2 - 22*q - 45. Let x be f(-18). What is the greatest common factor of x and 513?
27
Suppose -7*z + 10*z + 3*g = 3450, -4*z = 3*g - 4600. Calculate the highest common divisor of 46 and z.
46
Let j(q) = -4*q. Let m be j(-6). Suppose 0 = 3*w + 4*h - 9, 2*w = w - 3*h + 3. What is the greatest common divisor of w and m?
3
Let m(k) = 486*k**2 + 23*k + 90. Let c be m(-3). Calculate the greatest common factor of 15 and c.
15
Let w(n) = -150*n + 1293. Let q be w(8). What is the greatest common factor of q and 775?
31
Let w(x) be the first derivative of 5*x**2/2 - 45*x - 28. Let v be w(12). Calculate the greatest common factor of 60 and v.
15
Let y be (16/(-14))/((-44)/154). Suppose -3*u + y = 1. What is the highest common divisor of u and 5?
1
Let v(d) = -d**3 - 7*d**2 + 7*d + 19. Let t = 4 - 12. Let o be v(t). What is the greatest common divisor of o and 3?
3
Suppose 6*j = -2*j + 16. Suppose 5*h + 44 = 19, -2*y + 140 = j*h. Suppose u = -4*u + 250. What is the greatest common factor of y and u?
25
Let p(s) = 2*s**2 - 29*s - 63. Let y be p(21). What is the highest common divisor of y and 15?
15
Let x = -47 + 29. Let l be ((-260)/(-6))/((-12)/x). Suppose -u = -4 + 8, -s = -5*u - l. Calculate the highest common divisor of s and 18.
9
Let n(l) = l - 3. Let c be n(7). Suppose c*v + 1 = 29. What is the greatest common divisor of 56 and v?
7
Let d = -64 - -69. Suppose 0 = 3*r + 3*y + 10 - 28, -d*r + 34 = y. Calculate the greatest common factor of 14 and r.
7
Let o(w) = 3*w**2 - 12*w + 5. Let j be o(5). What is the greatest common divisor of 32 and j?
4
Let n = -364 - -500. Calculate the highest common divisor of 8 and n.
8
Let l(t) = t**3 + 6*t**2 - 15*t - 7. Let p be (-39)/6 - -4*1/(-8). Let k be l(p). Calculate the highest common factor of 14 and k.
7
Let q = -16 - -10. Let t be (-153)/q*12/9. Calculate the greatest common factor of t and 17.
17
Let s(l) = l + 1. Let h be (-34)/8 - (-5)/20. Let f be s(h). Let o be 6*((f - -4) + 2). Calculate the highest common factor of o and 162.
18
Let u = -285 - -722. What is the highest common divisor of 23 and u?
23
Suppose 2*y - 11 = -3*r, -4*r + 30 = -5*y - 0*y. Suppose -r*n + 8 = -4*n. Let a = n - 1. What is the greatest common divisor of 28 and a?
7
Let v = 435 + -339. Calculate the highest common factor of 128 and v.
32
Suppose 2*l - 2*t = 124 + 164, 4*l = -5*t + 540. What is the greatest common divisor of l and 28?
28
Suppose 102*f = 91*f + 891. What is the highest common factor of 24 and f?
3
Suppose 11*t - 13*t = -4*f + 212, 3*t = -3*f + 177. Suppose -3*a + 113 = 4*x + 31, 0 = -2*a - 3*x + 56. What is the highest common factor of a and f?
11
Let p be (-16)/((-36)/(-10) - 4). Calculate the highest common factor of 16 and p.
8
Let a = 157 + 227. Calculate the highest common divisor of 24 and a.
24
Suppose 0 = 374*y - 376*y + 2*k + 16, 2*y + 2*k - 32 = 0. What is the highest common factor of 162 and y?
6
Suppose 0 = 3*v, -v = 2*t - 5*v - 322. Let h(a) = -a + 6. Let q = 98 + -115. Let m be h(q). Calculate the greatest common divisor of m and t.
23
Let z(w) = -w**2 - 17*w + 8. Let f be z(-16). Suppose 0 = -6*i + 840 + f. Calculate the highest common divisor of 18 and i.
18
Suppose 10*s = 4*s + 132. Let l = -80 + 146. Calculate the greatest common factor of s and l.
22
Let n be 2*1*(-1 + 9). Let p = 44 + -4. Calculate the greatest common divisor of n and p.
8
Suppose -3*p + y + 196 = 0, -7*p + y = -3*p - 262. What is the greatest common divisor of 528 and p?
66
Suppose -2*y - 125 + 139 = 0. Let j(d) = 3*d**2 - 17*d + 2. Let s be j(y). What is the highest common factor of 15 and s?
15
Let k(j) be the third derivative of -j**5/60 - 5*j**4/24 + 7*j**3/6 - 11*j**2. Let p be k(-6). What is the greatest common factor of 7 and p?
1
Let t = 299 - 164. Let s(h) be the second derivative of -h**4/12 + 7*h**3/3 - 9*h**2 - 14*h. Let o be s(11). Calculate the greatest common factor of t and o.
15
Suppose -2*n - 12 = -8. Let h = 13 - 4. Let y be h/(36/56) + n. What is the highest common factor of 12 and y?
12
Let k(g) = g**2 - 16*g - 32. Let m be k(18). Suppose 5*t + 3*i - 5 = 0, -t - 27 = -m*t + 3*i. Calculate the greatest common factor of 40 and t.
4
Let h = -2 - -8. Suppose -92 = 3*t - 137. Calculate the highest common factor of t and h.
3
Let d(a) = -13*a - 156. Let f be d(-17). What is the highest common factor of 65 and f?
65
Let c = 151 - 146. Let z = -11 + 12. What is the greatest common divisor of c and z?
1
Let p(x) = -x**3 - 23*x**2 - 42*x + 16. Let b be p(-21). Calculate the greatest common factor of 144 and b.
16
Let r = 185 + -111. Let p = r - 50. What is the greatest common divisor of 12 and p?
12
Let a = 1903 - 1598. What is the highest common divisor of 5 and a?
5
Suppose -12 - 12 = -4*k - 2*p, -3*k + 23 = 4*p. Suppose -4*n = -3*v + 3, 2*n = -5*v - 2*n + k. Calculate the greatest common divisor of 5 and v.
1
Let z(s) = s + 17. Let w be z(6). Let g = -9 + w. What is the highest common divisor of 35 and g?
7
Let z(h) = -h**3 - 10*h**2 - h + 3. Suppose b + 4*g = -2 - 9, -22 = 2*b - 2*g. Let p be z(b). What is the highest common factor of p and 27?
27
Let p(h) = -h**3 + 4*h**2 - 4*h + 4. Let x be p(3). Let r be (1 - x)/(-4) - -5. Let o be 1/8 + (-1749)/(-88). Calculate the greatest common divisor of o and r.
5
Suppose 0 = -2*c + w + 119, 5*w = -2*c + 2*w + 99. Let a = -18 + c. Let h(l) = l**2 - l + 1. Let o be h(-3). What is the greatest common divisor of a and o?
13
Let h = -669 - -702. Calculate the greatest common factor of h and 3.
3
Let k(h) = 4*h**3 + 2*h**2 - 1. Let w be k(-1). Let y = w - -4. Let p = 27 + -24. Calculate the highest common divisor of y and p.
1
Suppose 4*z - 4*q - 152 = 0, -7*q + 3*q + 70 = 2*z. Calculate the highest common factor of z and 222.
37
Let n be (2 + -6)/((-1)/(-4)). Let z = n + 35. Suppose 4*m + 0*o = -3*o + 602, 0 = -m + 3*o + 158. Calculate the highest common factor of z and m.
19
Let i(w) = -w - 5*w + 26 + 6*w + w. Let r be i(-8). Calculate the greatest common divisor of 18 and r.
18
Let b = 292 + -183. Suppose 5*n - 26 = b. Let s be (9/(-3)*-9)/(1 - 0). Calculate the highest common divisor of n and s.
27
Let g = -33 - -73. Suppose 26*u = 30*u - 32. Calculate the highest common divisor of u and g.
8
Let o = -93 - -79. Let y be 1/(-2)*3*o. What is the highest common divisor of 210 and y?
21
Suppose -30*k + 34*k = a - 2587, -5*a + 5*k = -13010. What is the highest common divisor of a and 33?
33
Let l be 4 + (40547/52 - 3/4). What is the highest common divisor of 27 and l?
27
Suppose -2*g = 4*f + 76 - 64, 2*f + 8 = 0. Let w(p) = p**3 + 5*p**2 + 4. Let t be w(-4). What is the greatest common factor of g and t?
2
Let n = 1024 + -728. Calculate the greatest common divisor of 37 and n.
37
Let t(c) = -3*c**2 + 112*c + 5. Let k be t(32). Calculate the highest common factor of 141 and k.
47
Suppose 16 = j + 4*g, -5*j - 2*g = -11 - 105. What is the greatest common divisor of 1392 and j?
24
Let u = -6 + 0. Let x be 8/(-12) + 1*(-10)/u. Calculate the highest common factor of x and 5.
1
Let h be ((-56)/98)/(-1 - 117/(-119)). Suppose 2*t = 4 - 38. Let p = t + 34. What is the greatest common factor of h and p?
17
Suppose 4*m + 238 = 2*x, -2*x - 132 = -2*m - 368. Calculate the greatest common divisor of x and 52.
13
Suppose 3*r = -0*r - 4*z + 2703, -5*r + 2*z + 4505 = 0. Suppose -5*i = 341 - r. Let l be (-36)/15*(-260)/39. Calculate the highest common divisor of l and i.
16
Let b = 208 - 320. Let h = 454 + b. Calculate the highest common divisor of 38 and h.
38
Let c(v) = -2*v**3 - 2*v**2 + 3*v + 2. Let o be c(-2). Suppose -5*t + o*u = -16, -4*t + 24 = 3*u + 5. Calculate the greatest common divisor of t and 20.
4
Suppose 6*n + 57 = -9. Let w(i) = 13*i**